 Give q(f).
0
Let m(c) be the second derivative of -c**3/6 + 7*c**2/2 - 2*c. Let i(n) = 4*n - 19. Let h be i(6). Calculate m(h).
2
Let d(n) be the third derivative of n**4/24 - 4*n**3/3 - 6*n**2. Determine d(9).
1
Suppose -3*k + 0*k - 11 = -4*h, -11 = 5*k - 3*h. Let w(v) = 5*v**2 + v + 1. Determine w(k).
5
Let m be ((-9 + 1)*2)/(-2). Suppose -q = -5*q + m. Let y(o) = -3*o**3 + o**2 + 3*o - 3. Calculate y(q).
-17
Let t(q) = 3 - 6 - q + 2 + 7. Let z(m) = m - 2. Let d be z(1). Let i be 3/(d/(-2)*2). Calculate t(i).
3
Suppose -4*t = -5*a, -3*t - t - 12 = -2*a. Let w = -1 - a. Let b = w + 1. Let r(c) = -c**2 + 6*c - 4. Give r(b).
4
Let o(u) = 3*u**2 - u + 2. Let y(c) be the third derivative of -c**5/15 - c**3/6 - 3*c**2. Let l(r) = -5*o(r) - 4*y(r). Give l(-5).
-6
Let i be (-4)/(-3) - 2/(-3). Let k(z) = -4*z + 5*z - 7 - z**2 + 2*z**i. Determine k(0).
-7
Let t be (0 - (-1)/(-3))*-51. Let b = t + -11. Let k(m) = -m + 4 - 2*m + b*m - m. Determine k(-3).
-2
Let i(d) = -d**2 + 5*d - 3. Let y be ((-3)/(-2))/((-5)/(-30)). Suppose -p - 2 = -y. Let g = -4 + p. Determine i(g).
3
Suppose -8 = -3*n + 2*n. Let f(x) = x**3 - 8*x**2 + 2*x - 6. Let s be f(n). Let m be (-2 - 2)*s/8. Let j(p) = p**3 + 6*p**2 + 2*p - 3. Determine j(m).
12
Let x(q) = q**3 + 6*q**2 + 6. Let l be x(-6). Let j(g) be the second derivative of -g**3/6 + 2*g**2 + 30*g. Calculate j(l).
-2
Let p(u) = 4*u**2 + 3*u + 14*u**3 - 7*u**3 - 6*u**3. Calculate p(-3).
0
Let n = 2 - 0. Suppose 25 = -4*m + 5*f, -5*f + f = 4*m - 20. Let u be (-4)/(n + m) - -3. Let c(a) = 4*a. Calculate c(u).
4
Let q(j) = -j**2 - j + 1. Let z be 100/16 - (-1)/(-4). Let d be (z - 3) + 0 + -1. What is q(d)?
-5
Let i(l) = 9*l**2 + l + 5. Let t(z) = 4*z**2 + 2. Let v(b) = -3*i(b) + 7*t(b). What is v(5)?
9
Let i(b) be the first derivative of b**4/4 - b**3 - 3*b**2/2 - 4*b - 1. Suppose -3*n + 22 = -n. Let l = n - 7. What is i(l)?
0
Let t(a) be the second derivative of a**4/12 - a**3/6 + a**2 - a. Suppose -3*l - o + 6 = 0, 5*l - 5*o + 0*o - 10 = 0. Calculate t(l).
4
Let z be -4 + 1 + (-2)/1. Suppose 0 = 4*d - 15 - 1. Let i(j) = j + j - 4 + j**2 - 5 + d. Calculate i(z).
10
Suppose i = 2*i. Suppose 0 = 7*h - 2*h - 100. Suppose -4*q - h = -i*q. Let c(d) = -2*d - 3. Calculate c(q).
7
Let j(q) = -q**3 + 11. Let u be 0/(1 - 4 - (2 + -4)). Determine j(u).
11
Suppose 2*r + 9 + 3 = 0. Let w(f) = 2*f**2 + 5*f - 4. Suppose -15 = -7*a + 4*a. Let k(d) = d**2 + 3*d - 2. Let s(q) = a*k(q) - 2*w(q). Give s(r).
4
Let t(p) = 11*p**3 - 2*p + 1. Let h(a) = -9*a - 2. Let y be h(-2). Suppose -s = -5*s + y. Suppose -1 + 2 = -3*z + 2*v, -3*v + 2 = -s*z. Determine t(z).
10
Suppose 3*h - 3 = 2*h. Let a(g) = -h + 32*g - g**2 - 4 - 40*g. Calculate a(-6).
5
Let o(k) = -1 + 2*k + 0 - 3*k. Suppose -5*l + 20 = 0, y + y + l = 26. Suppose 2*h - y = -3*d, 0 = -4*d + 2*d - 4*h + 2. Give o(d).
-6
Let w(b) be the second derivative of -b**4/12 + b**3/3 + 2*b**2 - 2*b. Suppose -5*s = 5*f, -4*s + 21 = -0*f - 3*f. What is w(s)?
1
Let r(p) = -2*p + 8. Let a be r(0). Let d(i) = i**3 - 7*i**2 - 9*i + 10. Give d(a).
2
Let c(o) = o - 4. Let b = -35 + 45. What is c(b)?
6
Let z(p) = 6*p**2 - 7 - 31*p**3 - 8*p**3 + 40*p**3 - 8*p. Let g be (-1 + -6)/(2 - 1). Determine z(g).
0
Let j(y) = y**2 - y + 1. Let t(i) = -2*i**3 + 6*i**2 - 5*i + 6. Let h(l) = 6*j(l) - t(l). Suppose 0*u + 1 = -u. Calculate h(u).
-1
Let c be -2 - (-1 + (-3 - (-6 - -1))). Let x(k) = -k**3 - 2*k**2 + k - 3. Calculate x(c).
3
Let j(r) = r**3 - 5*r**2 - 4*r + 4. Suppose g - 10 + 0 = -f, 5*f - 26 = -g. What is j(g)?
16
Let j(u) be the third derivative of -u**6/120 + u**5/10 + u**4/24 - 4*u**3/3 + 40*u**2. Give j(6).
-2
Suppose 0 = -2*l - 0*l + 6. Let g(j) = -l*j + 4*j + j - j. Suppose 3*w + 3 - 21 = 0. Determine g(w).
6
Suppose 0 = -3*v + 9 - 0. Suppose 0 = 2*d - v - 1. Let k(s) = -2 - s**d - 4*s + 3*s - 4*s. Calculate k(-3).
4
Let v(j) = -j**3 - 5*j**2 - j + 1. Let w be ((-5)/(-4))/((-5)/20). What is v(w)?
6
Let o(s) = s + 5. Let m(n) = -5 + 1 + 3*n - 4*n. Let u(a) = 4*m(a) + 3*o(a). What is u(3)?
-4
Let k(u) be the first derivative of -1/12*u**4 + 1 + 3*u**2 - 2*u - 1/6*u**3. Let r(j) be the first derivative of k(j). What is r(0)?
6
Let p = 6 + -3. Let u be 0 - (1 - 2)*3. Let f(o) = o**p + 3*o - 4*o + 0*o**u + o**2. Give f(0).
0
Let w be 16/((-1)/(2/(-4))). Let t = 10 - w. Let g(d) = -6*d + 1. What is g(t)?
-11
Suppose -4*w + g = 4*g + 6, -g = 3*w + 2. Let p(q) = q**2 + q + 4. Determine p(w).
4
Let x(u) = u - 3. Let k(l) = l**3 + 2*l**2 - 3*l + 2. Let f be k(1). What is x(f)?
-1
Suppose -12 = 5*b - 2*a, -21 + 5 = 2*b + 2*a. Let q(j) = 2 - 2 + 3 - 1 - j. Calculate q(b).
6
Let x(y) = -y + 6*y**3 - y + 0 - 1. Suppose 4*h + 1 = -3. Give x(h).
-5
Let o(a) = -191*a + 83*a - 1 + 93*a. Calculate o(1).
-16
Let k(z) = -2*z - 4 - 3*z + 7*z. Give k(3).
2
Let q = 31 - 27. Let o be q/3 + 153/27. Let g(f) = -f**3 + 8*f**2 - 8*f - 1. Give g(o).
-8
Let p be (0 + 4/8)*-2. Let a(u) = 3*u**3 - 2*u**2 + 1. Give a(p).
-4
Let s(n) be the first derivative of 2*n**3/3 + 5*n**2/2 - 4*n - 4. Calculate s(-4).
8
Let m be ((-54)/(-8))/((-3)/(-12)). Suppose -3*c + c - 1 = -o, -5*o + m = c. Suppose -2*a + q + 3*q = -22, -a = 2*q + o. Let z(g) = -2*g + 4. Calculate z(a).
-2
Suppose 2*m - 3*m = 3*h - 10, -15 = 3*m. Let n(x) = 2*x - 5. Calculate n(h).
5
Let h(b) = 6*b**3 + 8*b**2 - 6. Suppose 4*r - 12 = 2*r. Suppose -5 = 2*k + 5. Let c(j) = 7*j**3 + 9*j**2 + j - 6. Let o(y) = k*c(y) + r*h(y). Calculate o(-4).
-2
Let k(u) = -4*u**2 + 6*u + 3. Let n(h) = 5*h**2 - 6*h - 2. Let c(x) = -4*k(x) - 3*n(x). Calculate c(6).
-6
Let r(i) = 0 - i - 2 + 6. Let z be (-2 - -1)*0/(-2). Determine r(z).
4
Suppose 0 = 6*t - 3 - 9. Let v(i) = -4*i**2 - 3*i + 2. Determine v(t).
-20
Let g = 70 + -73. Let z(l) = -l - 2. What is z(g)?
1
Suppose -2*g - 5 = -q, 3*q + 3*g = -g + 35. Let c be 0*(-3)/q*-3. Let k(l) = 4*l + 8. Let y(b) = -5*b - 9. Let w(m) = 6*k(m) + 5*y(m). Determine w(c).
3
Let c(b) = b**2 - 11*b + 7. Let j(t) = -t**2 + 10*t - 7. Let p(y) = 4*c(y) + 5*j(y). Let d(m) = -5*m**3 - m**2 - 2*m - 1. Let x be d(-1). Calculate p(x).
-2
Let k(v) = v**2 + 3*v + 5. Let i = -14 + 10. What is k(i)?
9
Let o(i) be the first derivative of -i**2/2 - i + 9. Determine o(-5).
4
Suppose 5*d - 12 = d. Let f(k) = 3*k - 4. What is f(d)?
5
Let g(f) = -10*f + 16. Let i(j) = 12*j - 17. Let c(d) = 7*g(d) + 6*i(d). What is c(-7)?
-4
Let o be (-1)/(-2) + 10/(-4). Let t be (-48)/28 + o/7. Let d(i) = -4*i - 1 + 2*i + 0*i. Determine d(t).
3
Let r(j) = 2*j**3 - 4*j**2 + 4*j - 2. Suppose 0 = o + 3, g - 2*o = 3*o + 19. Let c = g + 2. Suppose -c - 2 = -4*k. Calculate r(k).
6
Let p(g) = -g**3 + g**2 + 1. Suppose 4*j - 4 = 2*i, -7*i - 3*j + 3 = -2*i. Suppose 0 = 5*q - i*q. Determine p(q).
1
Let u(v) = v**3 + 4*v**2 + v - 4. Let c be u(-3). Let n(g) = 2*g - c*g + g + 2. Give n(-3).
-1
Let y(d) = 0*d - 1 + 2*d + 0. Give y(6).
11
Let o(l) = -l - 5. Let j be o(-5). Suppose 13 = 4*i + a, -7*i + 3*i + 3*a - 7 = j. Suppose i*y + 0 = -2. Let c(w) = -11*w**2. Calculate c(y).
-11
Let p(d) = -d + d**3 - 2*d - 3*d - 6 + 4*d**2. Let w(o) be the third derivative of o**4/24 + o**3/2 + 3*o**2. Let m be w(-8). Determine p(m).
-1
Let n be 9/(-6)*10/(-3). Let l(i) = -43*i - i**2 - 4 - 1 + 50*i - 2. Give l(n).
3
Let c = 5 + -5. Let u(d) = -7*d**2 - 3 + 3 + d + c*d. Calculate u(1).
-6
Let m(c) be the second derivative of c**5/20 + c**4/3 + c**3/3 + 3*c**2/2 + 13*c. Let v = -10 - -7. What is m(v)?
6
Let g(s) = -1 - s - 60*s**3 + 6*s**2 - 3 + 61*s**3. Calculate g(-6).
2
Let n(s) be the first derivative of -3 + 1/4*s**4 + 2*s**3 - 1/2*s**2 + 0*s. Calculate n(-6).
6
Let a(h) = 8*h**2 - 2*h**2 - 2*h**2 + 3*h**2. What is a(-1)?
7
Let m(t) = 6*t + 6*t - 6*t + 1. What is m(-2)?
-11
Let f(a) be the second derivative of a**5/4 + a**4/12 + a**3/6 - a**2/2 - 3*a. Suppose -4*l - 3 = j - 13, 5*j - l = 8. Suppose 5*i = j + 3. What is f(i)?
6
Let w(q) = 2*q**3 + 1. Let m be (-30)/(-3) + (1 - -2). Let u(h) = h**3 - 12*h**2 - 11*h - 18. Let t be u(m). Suppose 4 = 4*x + t. What is w(x)?
-1
Let u(o) = o**3 + 2*o**2 + 2*o. Let p(l) = -l**2 - l + 4. Let d be p(-3). Determine u(d).
-4
Let z(y) be the first derivative of -y**2/2 + 6*y - 8. Suppose j + 5 = 4*p, 5*j + 40 - 15 = 0. Calculate z(p).
6
Let q(h) = -h. Let y = -43 - -50. Give 